-58 - -5) + -221 + 238?
-33
Evaluate 11 - ((2 - 3) + -2 + 286 + -304).
32
Evaluate -1039 - -1073 - (-16 + 0).
50
What is the value of -24 + 1073 + -1025 + 2 + -174?
-148
Calculate (-40 - (-134 - -92)) + (-2 - (42 - 3)).
-39
Evaluate (0 - -1) + -39 + 3 + (8 - -5 - 19).
-41
Calculate -69 - (-28 - 12) - -115.
86
What is the value of 45 - 8 - (-14 + (16 - -5) + -4)?
34
Evaluate 86 + -1 - (1116 - 1112) - (3 - -1).
77
What is (29 - (-55 - -136)) + 20?
-32
Evaluate -21 + (-3 - -6) - (-1801 - -1851).
-68
-11 - 38 - (6 - 25)
-30
What is the value of -30 + 1 + 14 + 2 - (2 - (7 + -4))?
-12
Evaluate (11 - 110 - -154) + 30.
85
What is 33 - (-18 + 15) - 35?
1
What is the value of 19 + (-26 + 28 - -23) + -4?
40
What is 853 + -828 + (-59 - 2)?
-36
Calculate -601 + 688 + (-1 - 1 - 42).
43
Calculate 15 - (4 + 9 + (-43 - -49)) - (1 + 0).
-5
What is the value of 2 - (2 + 11 + -1 + -13) - -39?
42
Calculate -13 - (-41 - (-12 + 9 - -15)).
40
Calculate (9 + -13 - (1 - -39) - (3 - -4)) + 7.
-44
What is the value of -89 - (0 - -4) - ((2 - 22) + (-183 - -213))?
-103
154 + -134 + (-1 - 45) + 1
-25
Evaluate -7 - (-3 - (4 - ((9 - 2) + 34))).
-41
What is 1624 - 1640 - (-42 + 1)?
25
Calculate -43 + -175 + 135 - ((-1 - (0 + 2)) + -7).
-73
What is the value of 17 + (9 + 0 - (-372 + 383) - 0)?
15
-67 - -87 - (-10 + 59 + -7)
-22
Evaluate 89 - 0 - ((4 - 83) + 248 + -186).
106
What is -97 - -9 - (21 + 24 + -46 - (-13 - 2))?
-102
What is (18 - 3) + (31 - (-44 + 51)) - -7?
46
Calculate 46 + -41 + (7 - 0) + -20 + 13.
5
52 + -123 + (-33 - -231)
127
What is the value of -4 + -11 + -16 + 42 + -8 + (2 - 1)?
4
Calculate 0 - (-85 + -1) - (-60 + 130 + -63).
79
What is the value of -46 - 17 - (36 - 119)?
20
Evaluate (10 - 41 - 7) + 56.
18
What is the value of -4 + -4 - (44 - 50) - (9 + -9)?
-2
What is -22 + 2 + (91 - 63) + -16?
-8
What is the value of (-14 + -30 - -48) + -11?
-7
Evaluate (4 + (4 - (16 + -3)) - -12) + -52.
-45
Calculate (173 - 155) + -16 + (0 + -8 - 2).
-8
Calculate 3 + 2 + 7 + -16 + -36.
-40
2 - (-24 + (-17 + 38 - 6)) - 2
9
Evaluate 13 - 24 - (5 - (-7 + (-6 - -4))).
-25
What is (22 - (27 - 16)) + 14 + (-4 - -1) - -11?
33
Calculate -5 - (2 + -2 + 6 - (-24 + 30) - -5).
-10
Evaluate ((-16 - -7) + 6 - 2) + 148 + -147.
-4
Calculate (-9001 - -8960) + (-1 - -77).
35
28 - (46 + -83 + 106)
-41
Evaluate -39 + -4786 + 4770 + (0 - (0 + -10)).
-45
Calculate 2791 + -2717 - (163 - 1).
-88
-1 + (4 - -1) + (-155 - -168)
17
What is 121 + -102 + -8 + 78?
89
-46 - (165 - (82 + -1))
-130
Calculate (-91 - (-76 + 72)) + -18.
-105
Calculate 10 + 4 - (-6 - (-96 - -48)).
-28
(1 - 3) + -3 + 0 - (16059 + -16106)
42
Calculate (-1 - -2) + (-10 - (132 + -145 + 74 + 0)).
-70
What is (-51 - -2) + -742 + 728?
-63
What is the value of (-33 - (-30 - 102)) + (0 - -14) + -2?
111
What is the value of 19 + 64 - (2 - -2) - (5 + 10 - 11)?
75
Evaluate 12 + -1 - ((-57 + 35 - -10) + 35).
-12
What is 11 - (105 + -47) - 24?
-71
Evaluate -11366 + 11394 + (-128 - (-2 + 2)).
-100
What is the value of (4 - (-2 - -22)) + (-29 + 17 - 6)?
-34
What is 1 + -13 + 31 + -9 + -20 - 42?
-52
Calculate -5 + 40 - -62 - (-20 - -3).
114
What is -10 - (-48 + 21 - -63)?
-46
44 - (44 - -4 - 13 - -160)
-151
(-15 + 0 - (41 - 49)) + -36 + -12
-55
Calculate -4823 - -4810 - (-76 - 1).
64
What is the value of 4 + 12 + (-19 - (-23 + 34 + -16))?
2
Evaluate 69 + -225 + 130 - (0 + 108).
-134
What is -24 + (161 - (-22 - (1 - -1 - 10)))?
151
What is -3 + 1 + -169 + (28 + -27 - -48)?
-122
31 + 11 - (41 - -10)
-9
Calculate -11 + 11 + (546 - 536).
10
Evaluate 235 + -240 - (-1 + (-100 - -11)).
85
-159 - -142 - (6 - -34 - 1)
-56
What is (-263 - -99) + 49 + -2?
-117
(-4 + 12 - 73) + 5 + 18
-42
What is the value of (-171 - (-78 + 3)) + 57?
-39
Calculate 85 + (-18 - 9) + 7 + 3.
68
What is 18962 + -18986 - (-154 + -1)?
131
-4 + (1 - -7) + 12 + -15 - (56 + -11)
-44
Calculate (-49 + 29 - 8) + 0 - 29.
-57
Calculate (-3 - -1) + -43 - (-172 + 93 + 72).
-38
What is -7 - (28 + -119 - -64)?
20
Evaluate -43 + -13 + -6 + 26 - -1.
-35
3 + 39 - (-49 + 67) - (4 + (-6 - -2))
24
What is (0 - -1 - -14 - (-2372 + 2380)) + 5?
12
What is the value of (-73 + 70 - (-54 - -20)) + -81?
-50
What is 140 + (-130 - (-77 - -25))?
62
Evaluate 4 + (-3 - -33) + -26.
8
What is -1 - (49 - (-12 + 50 + 23 + -40))?
-29
Evaluate 22 + -43 + (6 - 19) + 10 - (3 + 0).
-27
Evaluate 83 + -19 + (372 + -362 - (8 + 1)).
65
What is the value of ((-4 - -3) + (2 - -1) - (450 - 449)) + -33?
-32
Calculate 46 + -59 + (-38 - -6 - -52).
7
Evaluate 15 + (-7 + (9 - -11 - 0) - 87).
-59
What is the value of -26 + -7 + 28 + -9 + (1 - -24) + -121?
-110
Evaluate -8 + -1 + (3 - (2 + (-92 - -8) + -13)).
89
What is the value of 22 - (5 - (10 - (2 - 0))) - (66 + -75)?
34
What is the value of 9 + (6 - (-7 - (2 + 13)))?
37
What is -56 + 62 + (9 - 4 - 4) + -24?
-17
What is 2 - ((7 - 71) + 19) - (-21 + 1)?
67
What is the value of -36 + 35 - 14 - -44?
29
What is the value of 12 + (-6 - ((16 - 22) + 1 + 9))?
2
Calculate 12 - (60 + 18 + -24 - -5).
-47
Evaluate -2123 - -2140 - (-2 - (4 + (-1 - -59))).
81
Calculate (-4 - -5) + -1 - (3 + 1) - (-462 - -478).
-20
What is the value of (9 - 47 - -58) + 30 + -2?
48
What is (30 - (-19 - -100)) + 3 + -2 + (1 - 6)?
-55
What is the value of ((-24 - -5) + 26 - 20) + -24?
-37
What is (-80 - -36) + 11 - (23 - 131)?
75
Evaluate 134 + (-56 - 71) - (2 + -2 - -145).
-138
Calculate (-13 - 9) + -170 + 178.
-14
What is (97 - 0 - 18) + -18?
61
What is the value of -8 - -27 - (-82 + 122 + -94)?
73
What is 42 - ((-29 - -172) + -79)?
-22
Calculate 21 - (38 - (-19 - -28)).
-8
-37 - (11 - ((-24 - -14 - -11) + 3))
-44
What is the value of 1 + (18 - 61 - 27)?
-69
What is 64 + 9 + 35 + -73?
35
What is the value of 4860 + -4943 - (-144 + -1)?
62
61 + (-25 - (20 - -3))
13
What is the value of 15 + -8 - (-18 + 1) - (-17 - -5)?
36
What is the value of (-2 - -2 - 50) + (-10 - -1) + (1052 - 1046)?
-53
What is (62 + -44 - -49) + (31 - 61)?
37
What is (1 - 12 - (-1 - (-46 + 45))) + -7?
-18
-155 + (131 - -22) + (-1 - -3) + 1
1
Calculate 152 + -142 + 3 + -98 + 8 + 3.
-74
What is the value of -13 - -3 - (-76 - 0 - (135 + -147)) - -1?
55
What is (-13 - 1) + -57 - -78?
7
What is the value of 41 + 10 - (50 + 25)?
-24
What is 82 - (-7 + (7 - -1) - (-3 - (-10 - -4)))?
84
Evaluate -43 - (-17 + 10 + 26 + -24).
-38
(4 - (5 - -4)) + (-37 - -12) + 2 + -51
-79
Calculate 4 + 1 - (-9 - (19 - 26)) - 2 - 16.
-11
(-8 - -22) + -5 + -4 + 5 + 35
45
Evaluate -157 - (-204 - -100) - -50.
-3
What is 65 + 0 + -84 + (1 - 12)?
-30
What is 8 + (-1 - -1 - 50) + 78 + (-126 - -52)?
-38
What is the value of 85 + 1 - (-204 - -56 - -142)?
92
What is the value of -17 + (24 - 106) - (12 + (-4 - 3))?
-104
What is -20 + 62 + 19 + -35 + -10 + 18?
34
(-56 - -67 - (0 + -28 - 3)) + 4
46
Calculate (191 - 75) + -150 + 139.
105
Evaluate -4 - 7 - -4 - -5 - -11 - 13.
-4
What is the value of -22 + 24 - -7 - 70 - (19 + -1)?
-79
What is (7 - 3) + (-22 - (-15 - 6 - -6))?
-3
Calculate (74 - 28 - 18) + -20.
8
What is (-20 + 34 + -11 - -6) + -4?
5
Evaluate -87 + 11 - ((-15 - (8 - 22)) + -14).
-61
Calculate (2 - 3) + -30 - (-587 - -589).
-33
What is -66 - (49 - 154) - (15 + 1)?
23
2 + (1 - (7 + 1)) + 51 + -6 + -10
30
Calculate 0 + 2 + -6 + 0 - (24 - 23).
-5
What is the value of (-6 + 0 - (-154 + 146) - 93) + 5?
-86
Evaluate 34 + -52 - (-86 - (-48 + 33)).
53
Evaluate -54 + (-3 - 0) - 16.
-73
Evaluate 109 + 0 - (29 + -25 + 17 + -5).
93
What is the value of -1 + 3 + -18 + (353 - 345) + (0 - 45)?
-53
-5 + 31 - (1 + -10 - 9) - 14
30
What is the value of 49 - 46 - -34 - 19?
18
Evaluate -48 + (-33 - -40 - 11) - (-2 + 22).
-72
What is the value of 17 + -2 + -65 + (13 - -32) + (-77 - 2)?
-84
What is (33 - -20) + -20 + (-14 - 2)?
17
(11 + (-17 - (2 - -3)) - -12) + (0 - -12)
13
Calculate -67 + 46 - 40 - -24.
-37
What is (452 - 335) + (8 + -2 - (7 + -4)) + -16?
104
Evaluate -6 + -21 - (388 - 388).
-27
What is the value of -117 + 40 + 89 - 32?
-20
What is (-1 - 20) + (-108 - (33 - 277))?
115
Evaluate (-5 - 1) + -47 + 124 + 44 + -18.
97
(-2 - -2 - (-9 - (98 + -9))) + -212 + 202
88
Evaluate -4 - ((-136 - 80 - -164) + -13 + 1 + -1).
61
Calculate -34 + 7 + 1 + (3 + 17 - 36).
-42
What is the value of 10 - (9 + -4 - (-2 - ((10 - -2) + -37)))?
28
What is 3 + 32 + -53 + 37 + -50?
-31
Calculate